
101
Let q(t) = -t**2 + 4275*t - 574903. Give q(139).
1
Let k(h) = -19*h + 570. Determine k(12).
342
Let a(j) = 146*j**2 + 6864*j + 86. Calculate a(-47).
-8
Let b(i) = -7735*i - 23212. Determine b(-3).
-7
Let r(t) = 487*t + 18017. Determine r(-37).
-2
Let j(n) = 7249*n - 232078. Calculate j(32).
-110
Let l(z) = 25*z - 3312. Determine l(-24).
-3912
Let k(t) = 2*t**3 - 21*t**2 + 722*t - 5578. Give k(8).
-122
Let x(s) = 11280*s + 22711. Determine x(-2).
151
Let r(j) = 44*j**3 + 1263*j**2 - 1270*j + 6. Determine r(1).
43
Let i(l) = 2*l**3 - 70*l**2 + 613*l - 1968. Determine i(24).
72
Let g(o) = -o**3 + o**2 + 369*o + 2391. What is g(-8)?
15
Let w(t) = -12*t**3 - 209*t**2 - 81*t - 11. Give w(-17).
-79
Let v(l) = -l**3 + 65*l**2 + 145*l - 741. What is v(67)?
-4
Let a(d) = 7*d**2 - 677*d - 431. Give a(98).
451
Let z(s) = -s**2 + 1158*s - 11623. Determine z(10).
-143
Let k(w) = w**3 + w**2 + 65*w + 125. What is k(-2)?
-9
Let o(j) = 2*j**3 - 219*j**2 - 1156*j - 40826. Give o(116).
6
Let y(z) = -14*z**3 - 3*z**2 + 86*z + 185. Give y(-2).
113
Let o(h) = h**3 - 12*h**2 - 69*h + 478. Determine o(9).
-386
Let w(t) = -t**2 - 435*t - 47020. Calculate w(-235).
-20
Let d(a) = 2*a**3 + 4*a**2 + 914*a + 8164. What is d(-9)?
-1196
Let y(k) = -k**3 - 2*k**2 - 12*k - 365. What is y(-11)?
856
Let y(w) = 21*w**2 - 64052*w + 319748. What is y(5)?
13
Let p(d) = -3*d**3 - 7*d**2 + 123*d + 674. Give p(-8).
778
Let s(v) = 725341*v + 16682856. Calculate s(-23).
13
Let k(m) = 16*m**2 - 242*m - 643. Calculate k(19).
535
Let z(o) = 11*o**2 - 757*o + 12. What is z(70)?
922
Let s(u) = u**2 + 1593*u + 9562. Determine s(-6).
40
Let i(c) = c**2 + 76*c + 950. Give i(-61).
35
Let j(q) = -8583*q + 10848929. Calculate j(1264).
17
Let a(t) = -25*t + 2431. Determine a(75).
556
Let b(m) = 2*m**3 + 7*m**2 + 22*m + 23. Give b(-2).
-9
Let m(r) = r**2 - 119*r - 6080. Determine m(-39).
82
Let z(i) = -i**3 - i**2 + 156*i - 69. What is z(-13)?
-69
Let j(d) = -9*d**3 + 571*d**2 + 279*d + 2658. What is j(64)?
34
Let u(k) = k**3 - 3*k**2 - 189*k + 1130. What is u(11)?
19
Let j(m) = 348*m - 50003. What is j(137)?
-2327
Let m(i) = -15*i**2 - 126*i - 238. Calculate m(-3).
5
Let b(z) = 2532*z + 1096362. What is b(-433)?
6
Let r(s) = -1872*s + 125481. Determine r(67).
57
Let a(l) = -3452*l - 3289772. Give a(-953).
-16
Let g(t) = -23*t - 2237. Determine g(-126).
661
Let c(r) = -16189*r - 48601. Calculate c(-3).
-34
Let q(p) = 738*p**2 + 8039*p - 835. Give q(-11).
34
Let a(m) = -m**2 + 276*m + 56583. Calculate a(-137).
2
Let x(i) = -2*i**3 + 4*i**2 - 112*i + 631. Calculate x(6).
-329
Let t(w) = -5*w**2 + 926*w + 5465. What is t(-6)?
-271
Let h(y) = 4*y**3 - 21*y**2 - 242*y + 23. What is h(-8)?
-1433
Let f(j) = j**2 - 140*j - 20694. Give f(-92).
650
Let v(c) = -6*c**2 + 137*c + 2223. What is v(34)?
-55
Let s(a) = 21*a**3 + 25*a**2 + 98*a + 109. Give s(-4).
-1227
Let l(t) = -14*t**3 - 13945*t**2 - 1003*t - 6972. Determine l(-996).
0
Let g(y) = -2843*y**2 - 625453*y + 1532. Determine g(-220).
-8
Let z(w) = -5931*w - 166431. Give z(-28).
-363
Let t(w) = -293*w**3 + 3*w**2 - 3*w + 2. What is t(1)?
-291
Let v(t) = -4*t**3 + 2*t**2 - 168*t + 597. What is v(4)?
-299
Let a(r) = r**3 + 1556*r**2 + 9*r + 64. Determine a(0).
64
Let u(q) = -3*q**3 + 34*q**2 - 77*q + 1201. Determine u(12).
-11
Let w(h) = -38*h**2 - 962*h + 4169. Determine w(4).
-287
Let s(f) = -f**3 + 298*f**2 + 5352*f + 951. Give s(315).
6
Let o(q) = -80873*q + 161266. What is o(2)?
-480
Let d(s) = 202*s - 11098. Give d(50).
-998
Let y(q) = 16*q**2 - 3813*q - 128803. Give y(-30).
-13
Let y(a) = -42665*a - 127615. Determine y(-3).
380
Let p(v) = -2*v**2 + 1920*v - 320364. What is p(215)?
-14
Let x(f) = -2*f**3 - 623*f**2 - 1543*f + 617. Give x(-309).
-1
Let y(u) = 5*u**2 + 83*u + 288. Calculate y(-10).
-42
Let f(v) = -8*v**3 - 1538*v**2 - 363*v + 4017. Calculate f(-192).
-15
Let n(m) = -1852*m - 1860. What is n(-1)?
-8
Let o(c) = 4059*c - 110064. Give o(27).
-471
Let b(l) = -115*l + 19913. Give b(174).
-97
Let q(v) = -198*v**2 - 1977*v + 31. Determine q(-10).
1
Let s(u) = -10844*u - 271377. Give s(-25).
-277
Let i(g) = -4*g**2 - 1241*g - 12215. Give i(-10).
-205
Let g(x) = -22*x**2 + 3530*x - 5086. What is g(159)?
2
Let k(g) = -8*g**3 + 167*g**2 + 14*g + 137. Calculate k(21).
-10
Let x(t) = -949632*t + 3798574. What is x(4)?
46
Let c(h) = 1661*h - 101363. Determine c(61).
-42
Let q(y) = -26*y**2 + 196*y - 291. What is q(6)?
-51
Let x(b) = -12070*b - 784572. Determine x(-65).
-22
Let d(m) = 2*m**3 + 252*m**2 - 6*m - 426. Calculate d(-126).
330
Let j(z) = -z**3 + 425*z**2 + 1178*z + 45166. Give j(428).
-202
Let s(k) = 3*k**3 + 456*k**2 - 21*k - 3179. Calculate s(-152).
13
Let c(j) = -20*j**2 - 5413*j - 316904. What is c(-185)?
1
Let w(o) = 2*o**3 - 432*o**2 + 2210*o - 21103. Calculate w(211).
-3
Let g(h) = h**3 - 204*h**2 + 565*h + 7933. What is g(201)?
295
Let h(d) = 6*d**2 - 34890*d + 1523545. What is h(44)?
1
Let y(j) = j**3 - 37*j**2 + 272*j + 15. What is y(10)?
35
Let q(r) = -472*r**2 - 19713*r + 4658. What is q(-42)?
-4
Let y(r) = r**2 - 141*r + 2088. Determine y(28).
-1076
Let y(l) = -1437*l - 68890. Calculate y(-48).
86
Let u(m) = 17054*m - 767427. Determine u(45).
3
Let f(o) = -4*o**3 - 1733*o**2 + 3473*o - 24. Determine f(2).
-42
Let m(g) = -165*g + 13952. What is m(79)?
917
Let h(p) = -p**3 + 452*p**2 + 3211*p + 947. Give h(459).
29
Let g(x) = 1901*x - 32289. Determine g(17).
28
Let i(x) = 3*x**2 + 35005*x + 594220. What is i(-17)?
2
Let k(g) = -2*g**2 + 85*g + 392. Give k(34).
970
Let g(w) = -40107*w - 521363. What is g(-13)?
28
Let w(n) = n**2 + 314*n - 21842. Determine w(59).
165
Let i(l) = -l**2 - 27*l + 3615. Give i(-75).
15
Let x(t) = -14*t**2 - 716*t - 2132. Determine x(-48).
-20
Let n(g) = -g**3 - 311*g**2 - 334*g - 7434. Calculate n(-310).
6
Let c(o) = o**3 + 5*o**2 - 97*o - 584. Calculate c(-8).
0
Let w(o) = 10318*o - 206330. Determine w(20).
30
Let n(w) = -141870*w - 3688616. Determine n(-26).
4
Let f(k) = -4*k**3 - 2195*k**2 + 2832*k + 45106. Give f(-550).
6
Let q(d) = 6*d**2 + 3518*d - 538534. Give q(126).
-10
Let a(h) = 1985*h - 25069. What is a(14)?
2721
Let i(y) = y**2 + 1940*y - 2306302. Give i(832).
2
Let h(i) = i**2 - 1350*i - 94799. Determine h(-67).
140
Let v(j) = 253*j**2 - 6330*j + 199. What is v(25)?
74
Let v(n) = 13867*n + 55483. What is v(-4)?
15
Let c(p) = 900*p**3 - 28*p**2 - 30*p. Determine c(-1).
-898
Let b(q) = -q**3 - 57*q**2 - 307*q - 5131. Give b(-53).
-96
Let k(u) = 2*u**3 + 102*u**2 + 296*u + 19. What is k(-3)?
-5
Let d(k) = -k**3 - 102*k**2 - 1199*k - 3706. Calculate d(-89).
32
Let m(b) = -524*b + 10438. What is m(20)?
-42
Let p(z) = 188*z**2 - 4993*z + 4992. Calculate p(1).
187
Let k(n) = 3*n**3 + 6*n**2 - 533*n + 2605. Calculate k(5).
465
Let c(m) = -15*m**2 + 1690*m - 3313. What is c(2)?
7
Let b(o) = 60384*o**2 + 543454*o - 3. Calculate b(-9).
15
Let o(u) = 5*u**2 + 56*u - 5098. Calculate o(-38).
-6
Let p(z) = -z**3 - 785*z**2 + 4827*z + 64081. Determine p(-791).
10
Let z(m) = -m**3 + 29*m**2 - m - 1402. Determine z(27).
29
Let w(p) = -p**2 + 31*p + 18420. Calculate w(-121).
28
Let y(p) = 2*p**3 - 235*p**2 + 3757*p - 260. What is y(19)?
6
Let t(a) = 238*a - 4233. What is t(17)?
-187
Let y(x) = 21*x**2 + 547*x - 1696. What is y(-29)?
102
Let f(x) = -6*x**3 - 6*x**2 - 474*x + 1469. Give f(3).
-169
Let t(q) = 359*q**2 + 8318*q + 117. Calculate t(-23).
-1286
Let r(t) = t**2 - 1039*t + 167780. What is r(839)?
-20
Let n(f) = 125*f**2 - 635*f - 6. What is n(5)?
-56
Let p(l) = -2*l**3 + 208*l**2 - 3242*l + 1059. Calculate p(85).
39
Let u(n) = -45393*n + 408516. Determine u(9).
-21
Let h(x) = 10811*x + 356776. What is h(-33)?
13
Let k(u) = 11*u**2 + 5393*u + 16167. What is k(-3)?
87
Let g(z) = -821*z - 847. Determine g(-1).
-26
Let k(m) = 132630*m - 48. What is k(0)?
-48
Let z(n) = -9035*n + 18683. What is z(2)?
613
Let d(n) = n**3 - 17*n**2 + 33*n + 146. Give d(14).
20
Let d(q) = -9*q**2 + 680*q - 2915. Determine d(71).
-4
Let d(o) = 25622*o - 256044. What is d(10)?
176
Let a(m) = 34*m**2 + 1107*m + 3002. Calculate a(-30).
392
Let c(a) = -3*a**3 - 27*a**2 + 103*a + 896. What is c(-5)?
81
Let r(t) = 276*t + 10563. What is r(-38)?
75
Let u(j) = -3054*j - 406185. Give u(-133).
-3
Let t(a) = 3*a**3 - 316*a**2 +